. What is w(-5)?
-13
Let t(q) = 2*q**2 - 8*q + 7. Let o = -311 - -72. Let m = 242 + o. Calculate t(m).
1
Let n(m) = 6*m - 211913*m**2 - 4 + 105962*m**2 + 105962*m**2. Calculate n(-1).
1
Let n be (-19)/(-3) - 8/24. Let f be -6*20/16*n. Let q = f + 42. Let s(z) = z**3 + 2*z**2 + 3. Give s(q).
-6
Let b = -585488 + 585501. Let y(x) = 2*x**2 + 11*x - 11. Let h(t) = -3*t**2 - 10*t + 11. Let u(i) = -3*h(i) - 4*y(i). Calculate u(b).
-2
Let v(o) = -o**2 + 3369*o - 13454. Let k be v(4). Let d(j) = 9*j - 117. Give d(k).
-63
Let o = -43 - -36. Let y(h) = h + 5. Let v(i) = -i - 6. Let b(l) = 5*v(l) + 4*y(l). Let q(d) = d + 10. Let c(r) = -5*b(r) - 4*q(r). Determine c(o).
3
Let a(t) = -2*t + 13. Let i be ((-76)/6)/(26/(-39)). Suppose -4*m = 4*u - 12, -4*u - m + i - 1 = 0. Give a(u).
3
Let x(k) = -k**3 - 17*k**2 - 14*k - 22. Let b(d) = -919*d + 8255. Let w be b(9). What is x(w)?
-54
Let l = 526 - 310. Let g = l + -212. Let a(c) be the second derivative of c**4/12 - c**3 + 3*c**2 - c. Give a(g).
-2
Let k(s) be the first derivative of -s**4/6 - s**3 + 5*s**2/2 + s - 4. Let m(o) be the first derivative of k(o). Suppose 14*r = -113 + 43. Determine m(r).
-15
Let l be (16/40)/(-1 + -1 + (-328)/(-160)). Let i(y) = -2*y**3 + 19*y**2 - 21*y - 26. Determine i(l).
-2
Let h(d) = d**3 - 4*d**2 + 5. Let m be 396/110 - (-2)/5. Suppose -m*v + 64 = -u + 6*u, -5*u + 3*v = -92. Suppose -5*x + u = -4. Give h(x).
5
Let x(c) = c**2 - 11*c - 2. Suppose -2*i + 4*g + 26 = 0, 27 + 8 = -7*g. Determine x(i).
-26
Let b(t) = 2*t + 3. Let p(v) = 17 + 11 + 4 - 2 - 10 - v. Let d(k) = 8*k + 2. Let j be d(3). Let w be p(j). Calculate b(w).
-9
Let p(v) be the third derivative of v**6/120 + 23*v**5/60 + v**4/24 - 10*v**3/3 - 10243*v**2. Calculate p(-23).
-43
Let v(s) = s**3 - 6*s**2 - s + 2. Suppose 2 - 10 = -4*q + 4*y, 4*y = q + 4. Suppose -8*k + q = -7*k. Let w be k/(-12)*-2*(6 - -3). Give v(w).
-4
Let f(s) = -17*s**3 + 31*s**2 - 62*s + 61. Let y(r) = -10*r**3 + 16*r**2 - 31*r + 33. Let o(q) = -3*f(q) + 5*y(q). Calculate o(10).
-8
Let y(q) = -200*q + 679. Let n(c) = -127*c + 453. Let x(b) = -8*n(b) + 5*y(b). What is x(14)?
-5
Let o(r) = r**2 + 11*r + 6. Suppose 5*n = -3*j - 0*n - 37, -6*j - 9 = -3*n. What is o(j)?
-22
Let g(o) = -o**3 - 81*o**2 + 923*o + 1188. Let b be g(-91). Let t(v) be the third derivative of -v**4/24 + 5*v**3/6 - v**2. Give t(b).
0
Suppose 9*x - 126 = 2*x. Suppose 5*m - x = -z, -z + 3*z + 5*m - 36 = 0. Suppose -l - z = -21. Let g(o) = 2*o - 1. Calculate g(l).
5
Let w(o) be the first derivative of o**6/36 + o**5/120 - o**4/24 + 77*o**3/3 - 16. Let l(h) be the third derivative of w(h). Give l(1).
10
Let n(i) be the third derivative of -i**6/120 - i**5/10 - 3*i**4/8 - 19*i**3/6 + 3917*i**2. Calculate n(-5).
1
Let l(x) = x**2 + 2*x - 2. Let m be l(-4). Let s(q) = -7*q**3 - q**2 - 35*q - 12. Let h(o) = 9*o**3 + 42*o + 13. Let u(i) = -4*h(i) - 5*s(i). Calculate u(m).
14
Let n(v) = -v**3. Let a(u) = -5*u**3 - 4*u**2 + 3*u - 4. Let x(g) = -a(g) + 4*n(g). Suppose -42 = -23*f - 157. Calculate x(f).
-6
Let z(a) = 5*a**2 + 8*a + 20. Let d(h) = 3*h**2 + h + 14. Let k(j) = -2*d(j) + z(j). Calculate k(4).
0
Let o(v) = -v**3 - 9*v**2 - 9*v - 10. Let i be (102/21)/((-2)/(-56)). Suppose 4*z = -13*z - i. Calculate o(z).
-2
Let p(g) = -g**3 - 165*g**2 - 223*g - 36804. Let z be p(-165). Let m(s) be the third derivative of s**4/24 + 7*s**3/3 - s**2. Calculate m(z).
5
Let j(d) = -95*d**3 - 2*d - 85*d**3 - 1 - 2*d**2 + 0*d**2 + 181*d**3. What is j(-3)?
-40
Let z(x) = -x**2 - 7*x - 19. Let k(t) = 5. Let b be -4*((-12)/4 - -4). Let i(m) = b*k(m) - z(m). Suppose 5*a + 12 = 3*a. Calculate i(a).
-7
Suppose 2 = 4*f + q, 5*q + 39 = -3*f + 49. Let n(o) = 2*o**2 - 7*o - 9. Calculate n(f).
-9
Let w(s) be the first derivative of 37 + 21*s**2 + 22 + 36 - 20*s**2 + 13*s. Determine w(-6).
1
Let r(i) = 307 + 307 + 6*i - 616 - 4*i. Suppose -3*c - c = -20. What is r(c)?
8
Suppose 0 = 3*w - 2*i - 38, -5*i = w - 15 + 42. Let x(r) = -r**3 + 7*r**2 + 5*r - 21. Determine x(w).
-45
Let m(p) = -p**2 - 13*p - 8. Let w be m(-12). Let t(s) = -96 + 3*s + 106 - w*s - s**3 + 3*s + 7*s**2. Give t(7).
24
Let w(f) = -3*f + 11. Suppose 53*i = 52*i - h, -5*i + h = 36. Calculate w(i).
29
Let c(u) = 13*u**3 - 21*u**2 + 98. Let p(q) = 7*q**3 - 11*q**2 + 54. Let a(x) = 6*c(x) - 11*p(x). Let l = -41 + 46. Calculate a(l).
-6
Let q(m) = m**2 + 17*m - 135. Let k be q(-23). Let w(l) = -k + 1 - 146*l + 144*l. Determine w(-5).
8
Let p(w) be the second derivative of 5*w**4/12 + w**2/2 - 63*w. Suppose 1 = -17*t + 18. What is p(t)?
6
Let n(s) be the third derivative of -1/120*s**6 + 0*s**4 - 134*s**2 + 0 + 0*s - 1/6*s**3 + 1/20*s**5. Let m be 1/2 - 9/(-6). Calculate n(m).
3
Let p(n) = 232*n - 6. Let l be p(0). Let h(s) = 4*s + 7. Determine h(l).
-17
Let b(o) = 1627 - o**3 + 29*o**2 - 17*o**2 - 1632 - 13*o. Calculate b(11).
-27
Let y(o) = -2*o**3 - 15*o**2 - 4*o + 25. Let l be y(-7). Suppose 1 = d - 1. Let c(j) = j**2 + 4*j - j**d - j**2. Determine c(l).
0
Let s(f) = f**2 + 6*f + 1. Let z be ((-1)/2)/((-3)/(-6)). Let n(w) = -3*w**2 - 35*w - 91. Let j be n(-8). Let p be (140/(-15) - -4) + z/j. Calculate s(p).
-4
Let f(a) = 54 + 8 + a - 146 - 13*a - 180. Calculate f(-21).
-12
Let j(v) = -50*v**2 - 3*v - 1. Suppose -70*u = 6*u + 107 - 31. What is j(u)?
-48
Let b(q) = q**3 + 26*q**2 - 37*q - 23. Let i be b(-27). Let v = i + -253. Let s(g) = g**3 + 7*g**2 + 5*g + 1. What is s(v)?
7
Let g(w) = -3*w - 8. Suppose 4*k - 4*x = 32, 2*k = -4*x + 2*x + 20. Suppose 6 = n + 2. Suppose 0 = 5*u + n*b + 26, -2*u - 3*b = k. What is g(u)?
10
Let d(n) = -6*n - 9. Let p(s) = 2*s - 899 - s + 904. Let z(k) = -d(k) - 2*p(k). Determine z(2).
7
Let x(i) = -i**2 - 2*i - 2. Suppose 28*w - 33*w - 5 = 0. Let s be (w + (-2)/((-4)/(-6)))*-1. Determine x(s).
-26
Let l(r) = 19*r + 2. Let h = -2789 + 2790. Determine l(h).
21
Suppose -4*z - 2*d - 10 = 0, -3*z = -17*d + 12*d + 40. Let b(n) = 10*n + 51. Give b(z).
1
Let g(h) = -h - 25. Let n = -12077 + 12066. Calculate g(n).
-14
Let s = 41 - 22. Let f = s + -14. Let w(r) be the third derivative of -r**6/120 + r**5/10 - 5*r**4/24 + 2*r**3/3 - 135*r**2. Determine w(f).
4
Suppose 4*i = -5*n - 2 + 14, -15 = -4*n - 5*i. Let s = -71 + 81. Let u(q) = q**2 - 25 - 3*q + 4*q - s + 24 - q**3. Give u(n).
-11
Let m(w) = w**3 - w**2 - 10. Suppose 43*i - 240 = 33*i. Suppose 5*x + 5*t = 10, -10 = -25*x + i*x - 5*t. Calculate m(x).
-10
Let o be (0 + 30/8)*(-352)/(-33). Let i = 38 - o. Let k(n) = -n**3 - 3*n**2 - n - 1. Give k(i).
-3
Let m(z) = 14*z**2 + 2*z - 2. Let w(b) = -15*b**2 - 2*b + 2. Let s(g) = -3*m(g) - 4*w(g). Let x = -334 + 335. What is s(x)?
18
Suppose 3*j = b - 2*b + 24, 0 = b - 4*j - 24. Let w be -1*b/2*(-19)/38. Let c(x) = -4*x + 7. Let k(h) = -2*h + 4. Let f(v) = -3*c(v) + 7*k(v). Give f(w).
-5
Suppose 318*m + 45 = 319*m. Suppose 19*g - m = 14*g. Let w(u) = -u + 12. Determine w(g).
3
Suppose 2*f = 2*h + 6, -4*f - 21*h + 6 = -23*h. Let q(b) = f + 10 + 0 + b - 1 - 6. What is q(-3)?
0
Let u(l) = -l**3 + 70*l + 2. Let k be u(0). Let d(i) = 2*i**2 - 3*i - 1. Let y(t) = -t**2 + 4*t + 1. Let q(z) = 3*d(z) + 2*y(z). Calculate q(k).
13
Let o(w) = -9*w - 63 + 34 + 42 - 4*w. Let f(j) = -6*j**3 - 2*j**2 + 1. Let z be f(-1). Let a(q) = 7*q - 7. Let v(r) = z*a(r) + 3*o(r). Give v(3).
-8
Let k(t) = 6*t**3 + t**2 + 5*t - 2. Let m = 180 - 176. Let h(g) = 5*g**3 + 2*g**2 + 4*g - 3. Let s(d) = m*k(d) - 5*h(d). What is s(-5)?
-18
Let l be 1105/510*(1 + 5). Let a(y) = 36 - 21 - y**2 - l - y. Suppose -v - 2 - 1 = 0. Calculate a(v).
-4
Suppose k - 2 = -1. Let c be 5 + 0 - 8/(-80)*-10. Let m(g) = g**2 + 6*g - 5 - 5*g**2 + c + 3*g**3 - 4*g + 3*g**2. Determine m(k).
3
Let m(z) = -z**3 + z**2 - 3*z + 3. Let y(b) be the first derivative of 17*b**3/3 - 3*b**2/2 + 2*b - 17. Let l be y(1). Let o = l - 14. What is m(o)?
-7
Let h(u) = -6*u + 5. Suppose -d + 5*x - 8 = 0, -6*d - x - 8 = -3*d. Give h(d).
23
Let z = -494 + 494. Suppose z = 25*q - 29*q + 12. Let u(j) = -j**3 + 3*j**2 + j + 2. What is u(q)?
5
Let k(m) be the second derivative of -9 - 3*m**2 - 1/12*m**4 + m - 4/3*m**3. Determine k(-7).
1
Suppose -20 = -164*l + 162*l. Let x(j) = -11*j + 111. Calculate x(l).
1
Suppose 12*d - 18 = 11*d - 4*n, 0 = 4*d + 2*n - 72. Let r(x) = -3*x - 40 + 18 + d. Calculate 